5 = u - o*u. Is u a multiple of 10?
False
Let r = -59 - -327. Let l = r + -166. Is 34 a factor of l?
True
Suppose 3 = a, -3*n + 8*n = 4*a - 377. Let h = -32 - n. Does 6 divide h?
False
Let j(s) = 4*s**2 + 8. Is j(-4) a multiple of 24?
True
Suppose z - 2*m - 27 = 0, -3*z - 163 = -7*z - 3*m. Suppose j = 4 + z. Does 15 divide j?
False
Let p(y) = 3*y**3 - 3*y**2 + 1. Is 7 a factor of p(2)?
False
Let h be -2 - 4/((-4)/7). Suppose 3*r - 2*u = 2*r - 5, h*r = 4*u - 19. Let j = 15 - r. Is 9 a factor of j?
True
Suppose n + 4*z = 65 - 8, 0 = 2*z. Is 19 a factor of n?
True
Let d = 31 + -19. Is d a multiple of 5?
False
Suppose c = 6*c - 95. Let z = -6 + c. Is z a multiple of 5?
False
Let i = -2 - -27. Is i a multiple of 21?
False
Let w = -7 - -11. Let c = 6 + w. Is c a multiple of 10?
True
Suppose 2*s = -3*s + 25, 3*s = -4*u + 95. Suppose 0 + u = d. Does 10 divide d?
True
Suppose 4*g - 408 = -2*m, -4*g = -0*m + 3*m - 616. Is m a multiple of 52?
True
Let b(p) be the third derivative of p**4/24 + p**3/6 - 2*p**2. Let x be 4/6 - 16/(-3). Is b(x) a multiple of 5?
False
Let u = 21 + 31. Suppose 0 = 5*w - u - 3. Is w - 2/4*-2 a multiple of 8?
False
Let n(v) = -v**3 - 4*v**2 + v - 10. Is 3 a factor of n(-5)?
False
Let k(q) = -q**3 + 7*q**2 + 10*q + 9. Let u be k(8). Let j = 43 - u. Is 6 a factor of j?
True
Suppose -67 = 5*r + 2*q, 0 = 5*r - 5*q - 4 + 64. Let n = r + 6. Let h(d) = d**3 + 9*d**2 + 8*d - 8. Is 14 a factor of h(n)?
False
Suppose q - 6 = -2*q. Suppose 14 = l + q. Is l a multiple of 5?
False
Let a = 0 + 3. Suppose 3*z = -4*w + 388, 76 + 220 = a*w + z. Suppose -f - w = -6*f. Is f a multiple of 10?
True
Suppose 0 = -2*t - t + 18. Let k be (-1 - -152 - 0) + -1. Suppose t*a - k = a. Is 15 a factor of a?
True
Let m be (0 - (-14)/(-6))*3. Let i = m - -10. Suppose 0 = 4*x + 5*q + i, 0 = -x + 3*q + 12. Is 3 a factor of x?
True
Let u be ((-4 - -1) + 13)/(-1). Let p = u + 15. Does 2 divide p?
False
Suppose -i = -2*w - 14, w + 5*i = -w + 10. Is 4 + -5 - (0 + w) a multiple of 3?
False
Let a(c) = 3*c**2 - c + 5. Is 29 a factor of a(5)?
False
Suppose 5*w - 2*g = -0*g - 10, 4*w + 3*g - 15 = 0. Suppose 26 = -w*q + 2*q. Let f = q + -8. Is f a multiple of 2?
False
Suppose -5*z = -5*o + 105, -3*o + 20 + 17 = -2*z. Let j = 4 + -6. Let t = j - z. Is t a multiple of 10?
False
Let r = 13 - 8. Let z = r + -5. Suppose 0 = 3*m - 129 - z. Does 12 divide m?
False
Is (3 - 0/(-3)) + 16 a multiple of 7?
False
Let m = -43 - -188. Is 14 a factor of m?
False
Let g = 37 - -5. Does 13 divide g?
False
Let r(q) = -93*q**3. Let z be 2*((-14)/4)/7. Does 24 divide r(z)?
False
Suppose -k = -2, 6*k + 22 = 2*g + k. Is g a multiple of 5?
False
Suppose -2*t + 0 + 134 = 0. Let l = t + -21. Does 13 divide l?
False
Let y(s) = -2*s**3 - 13*s**2 - 13*s + 3. Let u(k) = k**3 + 6*k**2 + 7*k - 1. Let j(o) = 7*u(o) + 4*y(o). Suppose -10 = l - 0. Is j(l) a multiple of 17?
False
Let n(h) = h**3 - 8*h**2 + 16*h - 38. Is n(10) a multiple of 11?
False
Is -3 + 5 + -3 + 52 a multiple of 16?
False
Let m be 87*(1 + (-4)/6). Suppose p + v + 2*v - m = 0, 15 = -5*v. Is p a multiple of 18?
False
Let r be (-2)/(-2)*1 - -1. Suppose -3*u - r = -4*u. Suppose 8 - 18 = -u*d. Does 5 divide d?
True
Let c be 14/35 - (-14)/(-10). Let o = 4 - c. Let y = -1 + o. Does 3 divide y?
False
Let x(o) = 2*o - 20. Let v(c) = -c + 10. Let w(b) = -7*v(b) - 4*x(b). Is w(-9) a multiple of 5?
False
Suppose 5*s = -3*q + 160, 145 = -5*q - 2*s + 380. Suppose -3*t - 5*t + 8 = 0. Is 12/30*q/t a multiple of 18?
True
Suppose 0 = -4*g + 182 - 46. Does 10 divide g?
False
Suppose -5*b = 2*o - 42, 3*o - 52 - 11 = 4*b. Is 9 a factor of o?
False
Suppose -63 = -2*a + a - 3*d, 2*a - 2*d - 150 = 0. Is 5 a factor of a?
False
Let i be (2/(-3))/(14/(-63)). Suppose 12 = 5*x - 2*g, i*x + 4*g = -g + 1. Is 2 a factor of x?
True
Let t(n) = n**3 + 18*n**2 - 23*n + 12. Is t(-19) a multiple of 4?
True
Let n be (-2)/(-4)*28 - 2. Suppose 0*w + 4*w = -n. Is 11 a factor of 0 - (6/w - 28)?
False
Let i(q) be the third derivative of -q**6/120 + q**5/6 - q**4/4 - 5*q**3/3 - 2*q**2. Let p be i(9). Let b = 49 - p. Is 13 a factor of b?
False
Let w = 165 + -86. Does 23 divide w?
False
Suppose 5*n = a - 54, -4*a = 4*n - 0*n - 192. Let g = a - 7. Is g a multiple of 18?
False
Suppose 4*c = f + f - 40, -4*f + 60 = -3*c. Suppose 40 - 5 = -5*m. Let d = m + f. Is 5 a factor of d?
True
Let t be 8/5 + (-2)/(-5). Suppose 5*l = i - 36, 0*l - 72 = -t*i - 3*l. Does 12 divide i?
True
Suppose -3*j - 3 = -21. Is 6 a factor of (100/j)/(-5)*-3?
False
Suppose 0 = -h - 5*f + 49, 3*f = 4*h + 7*f - 116. Is -1*(-1 - 1) + h a multiple of 13?
True
Let v(y) be the third derivative of y**4/24 + 7*y**3/6 - 46*y**2. Suppose 0 = 2*i - 10, p + 3*i = -p + 27. Does 5 divide v(p)?
False
Is 10 a factor of 2*-1*(427/(-2))/7?
False
Suppose 0 = 2*u + 6*u - 320. Does 8 divide u?
True
Does 21 divide (-2 - (-192)/20)*35?
False
Suppose -4*f - f = -240. Does 12 divide f?
True
Let y = -2 - -15. Suppose -3*n - y = x, -5*n - 31 = 4*x - 0*x. Let q(i) = -i**3 - 5*i**2 - 4*i + 5. Does 2 divide q(x)?
False
Suppose 4*m + 0*i = i + 6, 0 = -m - 4*i + 10. Suppose m*y = 4*y - 78. Is y a multiple of 13?
True
Let s(i) = 3*i**2 + 3*i - 10. Is s(7) a multiple of 21?
False
Let x(c) = -c**3 - 4*c**2 - 4*c - 2. Let j be x(-3). Suppose 5*l - 1 = 6*l. Is 5 a factor of -1 + j/(l/(-6))?
True
Let j(a) = 5*a**2 - 6*a + 4. Let l(u) = -6*u**2 + 5*u - 4. Let s(b) = 3*j(b) + 2*l(b). Let m be s(5). Let z = m - 20. Does 9 divide z?
False
Let g(v) = v**3 - v**2 + v + 36. Let n be g(0). Suppose -n = 2*d - 5*d. Does 3 divide d?
True
Suppose -2*z - 10 - 68 = -h, -4*h = -4*z - 304. Is h a multiple of 8?
False
Suppose 5*t + 708 + 1227 = -5*p, 0 = -3*p - 9. Is 12 a factor of ((-2)/(-4))/((-4)/t)?
True
Let m be (4 + 11)*(-4)/(-10). Is ((-4)/m)/(6/(-342)) a multiple of 19?
True
Let b be (1/3)/((-4)/(-24)). Let w = 5 - b. Does 3 divide w?
True
Suppose 0 = 5*d + h - 5*h + 29, 14 = -3*d - h. Let w = 3 - d. Suppose -x = -w - 5. Is 9 a factor of x?
False
Let v = 137 + -47. Is v a multiple of 25?
False
Let j be (-2 + -6)/((-4)/(-58)). Let f be (-2 - 1)*j/6. Suppose b + b = -10, 0 = 3*a - 5*b - f. Does 5 divide a?
False
Let n = -118 + 188. Does 24 divide n?
False
Suppose 0 = 3*b - 2*b - 6. Is b a multiple of 3?
True
Let g be 2*((-27)/6 + 2). Is 25/2 + g/(-10) a multiple of 7?
False
Suppose 6*h - 4*h = 4. Let c(v) = -3 + 1 - 2*v - h. Is c(-10) a multiple of 7?
False
Let j(m) = 2*m**2 - m - 1. Let x be j(-1). Let a(f) = -f**3 - 7 - 3*f**2 + 4*f - x*f**2 + 2. Is a(-6) a multiple of 6?
False
Let a be (-8)/(-4) - (-5)/(-1). Let u be 2*2*a/6. Let s(x) = x**2 - 2*x - 3. Is 5 a factor of s(u)?
True
Let c(y) = -y**3 + 9*y**2 + 2*y - 5. Let v be c(9). Suppose v + 53 = -2*t. Let g = -22 - t. Does 11 divide g?
True
Suppose 17 = 4*n + 1. Let h be -2 + 12*20/3. Suppose 26 = n*a - h. Is 13 a factor of a?
True
Let i = 6 + 0. Let g(p) = -p + 12. Let y be g(i). Is (-80)/y*(-18)/15 a multiple of 7?
False
Let j = -5 - -7. Let f(w) = 3*w**3 - 2*w**2. Does 16 divide f(j)?
True
Let b(z) = 421*z**3 + 2*z**2 - 1. Let o be b(-1). Does 5 divide (1/(-3))/(7/o)?
True
Let i = -4 - -4. Suppose 0 = -i*g - 2*g. Suppose g = n - 19 - 1. Is n a multiple of 10?
True
Suppose 0 = 13*k - 8*k - 220. Does 21 divide k?
False
Let d = -3 + -3. Is 9 a factor of ((-56)/6)/(4/d)?
False
Let x be (-7 + 3)/(-2) + -37. Does 20 divide (-2)/(-14) + (-2095)/x?
True
Let t = 41 - 29. Is 12 a factor of t?
True
Let i = 248 - 177. Is i a multiple of 29?
False
Let t be (10 - 5)/(2 - 1). Let f = t - 2. Suppose k - m + 18 = 2*k, -2*k - f*m = -40. Does 6 divide k?
False
Suppose 6 = 3*w - 519. Suppose 0 = -m + 3*z - 6*z + 45, -3*m - z + w = 0. Does 20 divide m?
True
Let s be 4*-3*2/4. Let y(f) = -f**2 - 7*f - 3. Let u be y(s). Let v = 20 - u. Is 17 a factor of v?
True
Suppose 16*m = 13*m + 63. Is m a multiple of 5?
False
Let x be 15*((-2)/2)/(-1). Suppose b = x - 3. Is 6 a factor of b?
True
Let d be (19/(-2))/(1/(-4)). Let b = 58 - d. Is 10 a factor of b?
True
Let m(s) = -s**2 - 5*s**2 + 3*s + s**3 + 8 - 2*s. Does 14 divide m(6)?
True
Suppose -4*f + 2*d = -150, -3*f - 3*d + 4*d + 111 = 0. Is f a multiple of 24?
False
Suppose -5*k + 23 = -4*x, 2*x - x - 24 = -3*k. Is k a multiple of 7?
True
Let q(c) = -c**2 + 9*c - 7. Let w be q(8)